-11
Calculate -19 - (-2 - -4) - (-6 + 9 - 9).
-15
Calculate -18 + (-14 - -4 - -8).
-20
What is the value of -24 + 30 + (-3 - (-1 - -19))?
-15
What is the value of -7 - (-2 + 0 + -13 + 13 + -5)?
0
Calculate 11 + 2 + (54 - 16 - 73).
-22
Calculate 7 + -9 - (0 + 0 + 2 + 31).
-35
0 + -21 - (-7 + 7 - -4 - 11)
-14
15 + (0 - (6 - 11)) + 0 - 1
19
What is -6 - (2 + (10 - 4) + -22)?
8
Calculate (6 - (9 - 3) - 8) + 23.
15
What is -12 - (-8 + -1 + -1 + 45 + -39)?
-8
What is -2 + (-13 - 0 - -7)?
-8
(-4 + 20 - 16) + 10 + -14
-4
What is -2 + -14 + -12 + 7 + -2?
-23
(10 - 1) + -1 + 151 + -149
10
What is the value of -13 + (0 - (2 + (-20 - 12)))?
17
Calculate -127 + 127 - (-5 - 0).
5
23 - 10 - 16 - -6 - 3
0
What is the value of -28 + (-33 - -21) - -73?
33
Calculate 13 + (6 + -2 - (10 - 5 - -1)).
11
0 - (-4 + 1 + 1 + -2)
4
Evaluate -1 + 4 + -8 - (18 + -28).
5
Calculate (-6 - -5) + 15 + -2.
12
What is -7 + (7 - (-16 + -2)) + -23?
-5
What is the value of 12 + -8 + 19 + -18?
5
Calculate (-5 - ((11 - -5) + -11)) + 4.
-6
14 - (-5 - -13 - -6)
0
What is the value of -37 + 29 + -33 - -51?
10
Calculate -13 - -14 - (25 + -11).
-13
What is the value of 42 - 60 - (1 - 1 - 36)?
18
(-17 - -18) + (16 - 25)
-8
What is 0 + 1 + 4 + -5 + 12 + -25?
-13
1 + 20 - (-26 + 14 - -22) - 3
8
Evaluate 49 - 81 - (-25 - -3).
-10
Calculate -93 - -53 - (-4 - 2).
-34
What is -1 - -20 - (-27 + 40 + -15 + -1)?
22
(3 - 5 - -5) + (-53 - -51) - 0
1
-65 + 7 - (-114 - -78)
-22
What is (-2 - (2 + -10)) + (265 - 284)?
-13
What is -4 + 1 + 7 + 7 + (5 - -4)?
20
-6 + (40 - 38) - 3
-7
13 - 17 - (14 + -40)
22
-8 + (26 - 9) - (1 - (-7 + -15))
-14
What is the value of (7 - 8) + 6 + -3?
2
Evaluate 8 - 0 - (0 - (-2 + (-7 - -16))).
15
What is the value of 32 - 27 - (18 - -1) - -7?
-7
What is the value of -2 + (-8 - -7) - (-7 - (-1 + 0))?
3
Calculate -2 + (1 - (8 + -13 + 19)).
-15
What is -52 + 19 + -7 + -2 + 6 - -8?
-28
What is the value of -3 + -2 + 0 + -98 + 101?
-2
What is -10 + (10 - 18) - -30?
12
Evaluate 0 + -1 + -4 + 1 + 22 + -17.
1
What is the value of -15 + 18 + (1 - 2) + 2 + 3?
7
3 + (0 - (-3 + 4)) + (0 - 2)
0
-8 - (5 + (-7 - 5)) - -16
15
Calculate -9 + (11 - (6 + 8 + -5)).
-7
(2 - (21 - -2)) + -81 + 85 + -11
-28
Evaluate -57 + -59 + 128 - (3 - 0).
9
Calculate 7 - (32 - (-21 - -36)).
-10
Evaluate -6 - (-3 - -18 - 15).
-6
Evaluate (36 - 14) + -26 + 11.
7
What is the value of 9 + (0 - (7 - 15 - -14))?
3
Calculate -1 - -3 - (4 - 3) - (-83 - -78).
6
Calculate (-15 - -3) + (39 - (7 - 14)).
34
What is the value of 1 - (-5 + -1 + 17 + -8)?
-2
3 - (-18 - -23) - (1 - 11) - -21
29
What is the value of (1 - 2 - 9) + (250 - 244) + 11?
7
Evaluate -19 + (-58 - -103) - (0 - -8).
18
Evaluate (5 - (-7 + 0) - 7) + -17.
-12
Calculate -15 - (9 + 0 + -241 + 234).
-17
What is -9 - 13 - -12 - 3?
-13
Calculate -9 + (4 - -5) + -1 + -8.
-9
What is 0 - -1 - -6 - ((8 - -3) + -1)?
-3
-3 + -2 - (3 - 0)
-8
What is the value of 6 + 3 + (-58 - -37)?
-12
Calculate (-1 + -2 - -3) + -35 + 23 + 35.
23
What is (1 - -10) + -19 - 0?
-8
Evaluate -64 - -70 - (7 - (2 + 3 + -3)).
1
(-2 + 4 - (1 - -2)) + (49 - 55)
-7
35 + -10 + -41 + 33
17
11 + (-5 - 17) - (6 + -23)
6
What is the value of (0 - -9) + (9 - (17 - 7)) + 0?
8
What is -12 + (-6 - -10 - -10) + -14?
-12
What is -5 - (-18 - (-1 - -15))?
27
What is the value of (14 + -23 - -12) + -9?
-6
Evaluate (6 + 30 - 8) + -10 - 13.
5
(296 - 301) + (-7 - -3)
-9
Calculate -1 + (4 - 1) + (2 - (-12 + 10)).
6
(-25 - (-12 + -7)) + (4 - -24 - -2)
24
What is 2 + -5 - (36 + -36)?
-3
What is the value of (-14 - -9) + 0 + 0 + -5?
-10
What is the value of -9 - -9 - (13 + 3)?
-16
Evaluate (-12 - -2 - 6) + 9.
-7
-23 - (-4 - -10 - 25) - (2 - 16)
10
What is 5 - (2 - (-3 + 2) - (-54 - -49))?
-3
2 - (-10 + 9 - 0 - -6)
-3
Evaluate 13 - 3 - 0 - (2 + -5).
13
What is 4 + -33 + 21 - (0 - (9 - 2))?
-1
What is the value of (-11 - -2) + (28 - 11 - 1) + 3?
10
What is the value of -26 - (4 - 13 - -3) - (-7 - 1)?
-12
What is the value of -10 - (-9 - -8) - (6 - 26)?
11
Evaluate 3 + -4 - (58 + -50).
-9
What is the value of (24 - (26 + 1)) + -2 + (-1 - -2)?
-4
What is 9 - (-5 + -15 + 24)?
5
What is 3 - (-20 - (4 + -11))?
16
What is the value of (0 - (-3 + -21)) + -16 - 25?
-17
Evaluate (36 - 42) + (23 - 3) + -13.
1
What is the value of 6 - (-11 - -16 - 15 - -9) - 34?
-27
Calculate (3 + 2 - (-3 + 7)) + (17 - 15).
3
What is (-3 - (-17 - -2)) + 7 + 0?
19
What is 11 + (26 + -11 - 39)?
-13
What is the value of -18 + (-30 - (-10 - -6)) + 15?
-29
What is the value of 11 + -23 - -3 - -1 - -9?
1
What is the value of -9 - 9 - -3 - -17 - -13?
15
What is -9 - (14 + -20 + -2)?
-1
-21 + (33 - 18) + -1 + 13
6
What is the value of -19 + 15 + -7 + 0 + -5?
-16
What is (-6 - 5 - 4) + -15 - -3?
-27
Evaluate (-5 - -1) + -26 + 20 + 3 + 21.
14
What is the value of -46 + 44 + -19 - (3 - 1)?
-23
What is the value of (-25 - -26) + -1 + 5 + (3 - -1)?
9
What is 2 + 8 - (-18 - -39)?
-11
Calculate -28 + 22 - (-26 + -6 + 1).
25
Evaluate -10 + 3 - 16 - -12.
-11
Evaluate (-1 - 3) + 1 + -46 + 18 + 29.
-2
What is 13 + 1 + (-40 - -24)?
-2
What is -12 - (-13 + 9) - (25 - 59)?
26
Evaluate (0 + -6 + 2 - -8) + -6.
-2
What is the value of 4 - ((-125 - -119) + 1 + (12 - 0))?
-3
Evaluate 1 + (-3 - 3 - (-20 - -18)).
-3
Evaluate -4 - (-4 + (-11 - (-10 + 2))).
3
(5 - (0 - 1)) + 43 + -21
28
What is -37 + 3 + (11 + -7 - 4)?
-34
Calculate 8 + (-4 + 2 - 6) + -12.
-12
What is (-18 - -1) + (-299 - -317) + -32?
-31
Evaluate -24 + 31 + (-6 - -16).
17
What is the value of -29 + 47 + 13 + 4?
35
Calculate 165 - 194 - (-25 - -1).
-5
What is 13 - 2 - (26 - 4)?
-11
Evaluate 0 - -1 - (35 - 10 - 8).
-16
What is -4 + (1 - 3) + -27 + 44?
11
Calculate 15 + -7 + -22 - -43.
29
Evaluate (-11 - 0) + 4 + 1 + 1.
-5
-8 - 10 - -20 - (1 - 9)
10
What is -356 + 330 + (3 - 2 - 12)?
-37
Evaluate -15 + (2 + 11 - (2 - -4)).
-8
What is -5 - (10 + -2 - -9) - -8?
-14
Evaluate -232 + 223 + 7 + 0 + 0.
-2
Evaluate 251 + -245 + (2 + (-6 - -2) - 2).
2
What is (17 - (0 - -4)) + (-3 - (1 + -12))?
21
Evaluate -26 + 0 + 1 - (-7 + -1).
-17
What is the value of 17 - (-16 - (-41 + -19))?
-27
Calculate -17 - (9 - (-3 + 20)).
-9
32 + 33 + -42 + (-10 - -1)
14
Evaluate (2 + -7 + 10 - 17) + -4 - -6.
-10
Calculate -2 - (24 - 11) - -10.
-5
-45 - (-40 - (20 - 28))
-13
What is the value of (25 - 6) + 18 - (12 - (-4 - -8))?
29
Calculate 26 + (-29 - (1 + -3)).
-1
23 + 9 + (4 + -15 - 4)
17
Evaluate (5 - (-7 - -7)) + -5 - 15.
-15
Calculate 6 - (0 + 12 - 16) - 8.
2
What is -1 + (-5 - (8 + (-40 - (-16 + 9))))?
19
What is 4 + (-3 - -1) - (194 + -172)?
-20
What is (-10 - 2) + (-5 - (11 - (13 - 7)))?
-22
Evaluate 8 - -2 - (11 - 10).
9
Calculate 19 - (-4 + (2 - 7) + 18).
10
2 - (8 - (29 + (-6 - 3)))
14
What is the value of -162 + 175 + (-25 - -3)?
-9
What is the value of (24 + 24 - 22) + (-6 - 1)?
19
Calculate -17 + 5 + (-3 - -24).
9
-4 - (17 + -41 + 12)
8
What is the value of -12 + (29 - 4) + 5?
18
What is the value of 38 + (3 - 8) + (9 - 3 - 11)?
28
Calculate 61 + -28 + (0 - 19).
14
What is 9 - (0 + 6 + 8) - (2 - 34)?
27
What is -11 - (23 + -44) - (6 + -2)?
6
Calculate -1 - 6 - (0 + (-18 - 0)).
11
What is (46 + -26 - -5) + -12?
13
Evaluate (-1 - -6) + (-19 - (-17 - -2)).
1
What is (-13 - (4 - 11)) + -2 + -1?
-9
Calculate 1145 + -1140 - (0 + 0 + 0 + 7).
-2
Calculate 9 + (-5 - (-13 - -26)) - -34.
25
Calculate (6 - (-10 - (-18 + -6))) + 6.
-2
What is the value of -18 + -3 + -19 + 33?
-7
Calculate 8 + -20 + 28 + -14.
2
1 - (29 - 30) - (-5 - -1) - 26
-20
What is -29 - (-28 - (9 - 5 - 17))?
-14
Evaluate 7 - (6 + (-4 - -20 - 7)).
-8
(4 - 4 - (-7 + -3 + 1)) + -20
-11
What is the value of -5 + 5 + 10 + -11 + (12 - 3)?
8
What is the value of 1 - ((17 - (-3 - -5) - 7) + 6)?
-13
What is the value of 11 + -8 + (-18 - -12) + -14?
-17
What is the value of 3 + -12 - (-3 - (14 + -17 + 36))?
27
What is the value of 7 + 6 + -1 + 10?
22
What is the value of -11 + 9 + -11 + 1 + 7 + -10?
-15
Evaluate 16 - ((-8 - -27) + -6).
3
What is the value of -2 - (11 - (15 - 2))?
0
What is the value of 9 + -1 - (-5 - (14 + -41 - -13))?
-1
(-1 - 3) + -10 - -9 - (0 - 6)
1
Evaluate (-5 - 1) + (-16 + 18 - -3).
-1
What is 2 - ((9 - 15) + 20)?
-12
(17 - (20 + -3 + -2)) + -27
-25
Calculate (-34 - (-42 + 20)) + 5 + 1 + -4.
-10
What is the value of (8 - 2) + -32 + 23 + 10 - 24?
-17